{"id":504,"date":"2018-06-23T13:12:04","date_gmt":"2018-06-23T11:12:04","guid":{"rendered":"http:\/\/www.kindergruppe-blankenburger.de\/?page_id=504"},"modified":"2024-11-04T12:18:22","modified_gmt":"2024-11-04T11:18:22","slug":"die-naturorientierte-kindergartengruppe-auf-dem-gelaende-des-licht-und-luftbads","status":"publish","type":"page","link":"http:\/\/www.kindergruppe-blankenburger.de\/?page_id=504","title":{"rendered":"Unsere Gruppen &#038; Aktivit\u00e4ten"},"content":{"rendered":"<h4><strong>Unsere Gruppen<\/strong><\/h4>\n<p>Der Alltag der Einrichtung findet in sechs altersgetrennten Gruppen statt. In unserer naturorientierten Kindergartengruppe, die\u00a0 <strong>\u201eDrau\u00dfen-Kinder\u201c<\/strong>, werden 13 Kinder im Alter von 3 Jahren bis zum Schuleintritt auf dem Gel\u00e4nde des Licht- und Luftbades auf dem Stadtwerder betreut.<br \/>Im Kinderhaus am Hulsberg befinden sich zwei Krippengruppen und die Kindergartengruppe.<br \/>In den Krippengruppen <strong>\u201ePusteblume\u201c und \u201eWasserl\u00e4ufer\u201c<\/strong> werden jeweils acht Kinder im Alter von einem Jahr bis maximal 3,5 Jahren betreut.<br \/>In der <strong>&#8222;Sonnengruppe&#8220;<\/strong>, unserem Kindergarten, kommen 16 Kinder im Alter von 2,5 Jahren bis zum Schuleintritt zusammen.<\/p>\n<p>Bei Karlchen, in der Friedrich-Karl-Stra\u00dfe werden in der <strong>&#8222;Konfetti Gruppe&#8220;<\/strong> acht Kinder im Alter von einem Jahr bis maximal 3,5 Jahren betreut und in der <strong>&#8222;Glitzergruppe&#8220;<\/strong> 16 Kinder von 2,5 Jahren bis zum Schuleintritt.<\/p>\n<p><strong>Die Partizipation der Kinder<\/strong> in allen Alltagssituationen ist ein besonderer Schwerpunkt unserer p\u00e4dagogischen Konzeption. Sie f\u00f6rdert die eigenst\u00e4ndige Entwicklung und die Selbstwirksamkeit der Kinder in hohem Ma\u00dfe. Unser Gruppengeschehen wird durch gemeinsame Ideensammlungen, Suche nach L\u00f6sungsm\u00f6glichkeiten, Austausch von Argumenten und gemeinsam herbeigef\u00fchrten Entscheidungen durch die Kinder wesentlich mitgestaltet und mitbestimmt.<\/p>\n<h4><strong>Unsere Aktivit\u00e4ten<\/strong><\/h4>\n<p>Die Kinder bekommen durch ein hohes Ma\u00df an p\u00e4dagogischer Fachlichkeit ein vielf\u00e4ltiges und qualitativ hochwertiges Angebot. Tages,- Wochen- und Jahres-strukturen mit wiederkehrenden Aktivit\u00e4ten geben ihnen Orientierung und Sicherheit.<\/p>\n<p><strong>Morgenkreis <br \/><\/strong><\/p>\n<p>Gemeinsam starten die Gruppen mit dem Morgenkreis in den Tag, begleitet durch Rituale, Lieder und Gespr\u00e4che.<\/p>\n<p><strong>Drau\u00dfensein<\/strong><\/p>\n<p>Regelm\u00e4\u00dfig begeben sich unserer Gruppen auf Wanderschaft. Die Ziele sind unterschiedlich und werden gemeinsam mit den Kindern abgestimmt. F\u00fcr die Sonnengruppegeht es mal in den Stadtwald, in den B\u00fcrgerpark oder in die Kinderwildnis. Mit Rucksack und Sitzkissen gut ausgestattet wird dann oft im Freien gefr\u00fchst\u00fcckt. An diesen Tagen steht intensives Naturerleben mit allen Sinnen im Vordergrund.<\/p>\n<p>Die Kleinkindgruppen erforschen regelm\u00e4\u00dfig die umliegenden Spielpl\u00e4tze, an die Weser und auch in den B\u00fcrgerpark um drau\u00dfen zu spielen, zu toben undallerlei zu entdecken.<\/p>\n<p>Untersuchungen, Beobachtungen, Experimente und k\u00fcnstlerischer Ausdruck mit Naturmaterialien f\u00f6rdern ein umweltbewusstes Denken und Handeln der Kinder.<\/p>\n<p>Die Drau\u00dfen &#8211; Kinder sind, wie es der Name schon sagt, beinahe den ganzen Tag drau\u00dfen und erleben vielf\u00e4ltige Bildungsanreize. Es gibt einen Bauwagen, ein Werkstattzelt, Toilettenwagen und viele mobile Orte wie z.B. die H\u00e4ngematten, der Feuerplatz, der Gem\u00fcsegarten etc.<\/p>\n<p><strong>Kreatives &#8211; Atelier, Musik, Werken<\/strong><\/p>\n<p>K\u00fcnstlerische und handwerkliche F\u00e4higkeiten werden erprobt und stetig erweitert. In der Kleinkindgruppe spielt das gemeinsame Singen und Musizieren im Morgenkreis eine gro\u00dfe Rolle. Durch regelm\u00e4\u00dfige Besuche der Musikwerkstatt erfahren die Kinder der Kindergartengruppe Instrumente des klassischen Orchesters und werden angeregt f\u00fcr weiteres Experimentieren mit den vorhandenen Instrumenten des Kindergartens. Uns steht ein Atelier zur Verf\u00fcgung, welches von allen Gruppen im Haus regelm\u00e4\u00dfig genutzt wird<\/p>\n<p>Sie sind neugierig geworden und wollen noch mehr \u00fcber unsere Aktivit\u00e4ten erfahren? Weitere Infos finden Sie in unserem Konzept.<\/p>\n\n\n<figure class=\"wp-block-gallery aligncenter has-nested-images columns-default is-cropped wp-block-gallery-1 is-layout-flex wp-block-gallery-is-layout-flex\">\n<figure class=\"wp-block-image\"><img loading=\"lazy\" decoding=\"async\" width=\"1024\" height=\"683\" data-id=\"586\" src=\"http:\/\/www.kindergruppe-blankenburger.de\/wp-content\/uploads\/2021\/11\/20180620_IQ-Projekt_098-1024x683.jpg\" alt=\"\" class=\"wp-image-586\" srcset=\"http:\/\/www.kindergruppe-blankenburger.de\/wp-content\/uploads\/2021\/11\/20180620_IQ-Projekt_098-1024x683.jpg 1024w, http:\/\/www.kindergruppe-blankenburger.de\/wp-content\/uploads\/2021\/11\/20180620_IQ-Projekt_098-300x200.jpg 300w, http:\/\/www.kindergruppe-blankenburger.de\/wp-content\/uploads\/2021\/11\/20180620_IQ-Projekt_098-768x513.jpg 768w, http:\/\/www.kindergruppe-blankenburger.de\/wp-content\/uploads\/2021\/11\/20180620_IQ-Projekt_098-800x534.jpg 800w\" sizes=\"auto, (max-width: 1024px) 100vw, 1024px\" \/><\/figure>\n\n\n\n<figure class=\"wp-block-image\"><img loading=\"lazy\" decoding=\"async\" width=\"1024\" height=\"683\" data-id=\"587\" src=\"http:\/\/www.kindergruppe-blankenburger.de\/wp-content\/uploads\/2021\/11\/20180620_IQ-Projekt_130-1024x683.jpg\" alt=\"\" class=\"wp-image-587\" srcset=\"http:\/\/www.kindergruppe-blankenburger.de\/wp-content\/uploads\/2021\/11\/20180620_IQ-Projekt_130-1024x683.jpg 1024w, http:\/\/www.kindergruppe-blankenburger.de\/wp-content\/uploads\/2021\/11\/20180620_IQ-Projekt_130-300x200.jpg 300w, http:\/\/www.kindergruppe-blankenburger.de\/wp-content\/uploads\/2021\/11\/20180620_IQ-Projekt_130-768x513.jpg 768w, http:\/\/www.kindergruppe-blankenburger.de\/wp-content\/uploads\/2021\/11\/20180620_IQ-Projekt_130-800x534.jpg 800w\" sizes=\"auto, (max-width: 1024px) 100vw, 1024px\" \/><\/figure>\n\n\n\n<figure class=\"wp-block-image\"><img loading=\"lazy\" decoding=\"async\" width=\"1024\" height=\"683\" data-id=\"589\" src=\"http:\/\/www.kindergruppe-blankenburger.de\/wp-content\/uploads\/2021\/11\/20180620_IQ-Projekt_105-1024x683.jpg\" alt=\"\" class=\"wp-image-589\" srcset=\"http:\/\/www.kindergruppe-blankenburger.de\/wp-content\/uploads\/2021\/11\/20180620_IQ-Projekt_105-1024x683.jpg 1024w, http:\/\/www.kindergruppe-blankenburger.de\/wp-content\/uploads\/2021\/11\/20180620_IQ-Projekt_105-300x200.jpg 300w, http:\/\/www.kindergruppe-blankenburger.de\/wp-content\/uploads\/2021\/11\/20180620_IQ-Projekt_105-768x513.jpg 768w, http:\/\/www.kindergruppe-blankenburger.de\/wp-content\/uploads\/2021\/11\/20180620_IQ-Projekt_105-800x534.jpg 800w\" sizes=\"auto, (max-width: 1024px) 100vw, 1024px\" \/><\/figure>\n\n\n\n<figure class=\"wp-block-image\"><img loading=\"lazy\" decoding=\"async\" width=\"1024\" height=\"683\" data-id=\"588\" src=\"http:\/\/www.kindergruppe-blankenburger.de\/wp-content\/uploads\/2021\/11\/20180620_IQ-Projekt_167-1024x683.jpg\" alt=\"\" class=\"wp-image-588\" srcset=\"http:\/\/www.kindergruppe-blankenburger.de\/wp-content\/uploads\/2021\/11\/20180620_IQ-Projekt_167-1024x683.jpg 1024w, http:\/\/www.kindergruppe-blankenburger.de\/wp-content\/uploads\/2021\/11\/20180620_IQ-Projekt_167-300x200.jpg 300w, http:\/\/www.kindergruppe-blankenburger.de\/wp-content\/uploads\/2021\/11\/20180620_IQ-Projekt_167-768x513.jpg 768w, http:\/\/www.kindergruppe-blankenburger.de\/wp-content\/uploads\/2021\/11\/20180620_IQ-Projekt_167-800x534.jpg 800w\" sizes=\"auto, (max-width: 1024px) 100vw, 1024px\" \/><\/figure>\n<\/figure>\n","protected":false},"excerpt":{"rendered":"<p>Unsere Gruppen Der Alltag der Einrichtung findet in sechs altersgetrennten Gruppen statt. In unserer naturorientierten Kindergartengruppe, die\u00a0 \u201eDrau\u00dfen-Kinder\u201c, werden 13 Kinder im Alter von 3 Jahren bis zum Schuleintritt auf dem Gel\u00e4nde des Licht- und Luftbades auf dem Stadtwerder betreut.Im &hellip; <a href=\"http:\/\/www.kindergruppe-blankenburger.de\/?page_id=504\">Weiterlesen <span class=\"meta-nav\">&rarr;<\/span><\/a><\/p>\n","protected":false},"author":1,"featured_media":0,"parent":0,"menu_order":0,"comment_status":"closed","ping_status":"closed","template":"","meta":{"footnotes":""},"class_list":["post-504","page","type-page","status-publish","hentry"],"_links":{"self":[{"href":"http:\/\/www.kindergruppe-blankenburger.de\/index.php?rest_route=\/wp\/v2\/pages\/504","targetHints":{"allow":["GET"]}}],"collection":[{"href":"http:\/\/www.kindergruppe-blankenburger.de\/index.php?rest_route=\/wp\/v2\/pages"}],"about":[{"href":"http:\/\/www.kindergruppe-blankenburger.de\/index.php?rest_route=\/wp\/v2\/types\/page"}],"author":[{"embeddable":true,"href":"http:\/\/www.kindergruppe-blankenburger.de\/index.php?rest_route=\/wp\/v2\/users\/1"}],"replies":[{"embeddable":true,"href":"http:\/\/www.kindergruppe-blankenburger.de\/index.php?rest_route=%2Fwp%2Fv2%2Fcomments&post=504"}],"version-history":[{"count":13,"href":"http:\/\/www.kindergruppe-blankenburger.de\/index.php?rest_route=\/wp\/v2\/pages\/504\/revisions"}],"predecessor-version":[{"id":650,"href":"http:\/\/www.kindergruppe-blankenburger.de\/index.php?rest_route=\/wp\/v2\/pages\/504\/revisions\/650"}],"wp:attachment":[{"href":"http:\/\/www.kindergruppe-blankenburger.de\/index.php?rest_route=%2Fwp%2Fv2%2Fmedia&parent=504"}],"curies":[{"name":"wp","href":"https:\/\/api.w.org\/{rel}","templated":true}]}}