{"id":23,"date":"2011-05-21T21:49:51","date_gmt":"2011-05-21T20:49:51","guid":{"rendered":"http:\/\/blankenburger.wordpress.com\/?page_id=23"},"modified":"2016-04-18T22:28:05","modified_gmt":"2016-04-18T20:28:05","slug":"elternverein","status":"publish","type":"page","link":"http:\/\/www.kindergruppe-blankenburger.de\/?page_id=23","title":{"rendered":"Elternverein"},"content":{"rendered":"<p>Die \u201cKindergruppe Blankenburger Str. e.V.\u201d ist eine Elterninitiative, ein Verein. Das bedeutet Mitverantwortung, aber auch Mitbestimmung und die M\u00f6glichkeit zur Gestaltung. Aus unserem Selbstverst\u00e4ndnis als Elternverein leitet sich die Erwartung, aber auch die Notwendigkeit einer aktiven Mitwirkung der Eltern ab. Ohne eine grunds\u00e4tzliche Bereitschaft zu Engagement und Solidarit\u00e4t funktioniert das Prinzip des Elternvereins nicht.<\/p>\n<p>Egal ob jemand seine handwerklichen F\u00e4higkeiten einbringt oder einmal eine Besorgung machen kann \u2013 die M\u00f6glichkeiten, seinen Beitrag f\u00fcr den Verein zu leisten, sind vielf\u00e4ltig.<\/p>\n<p>Im Krankheitsfall der Erzieherinnen wird der Betrieb durch Elterndienste aufrecht erhalten hilft. Dieser Fall kommt selten vor, da viele L\u00fccken durch Springkr\u00e4fte aufgefangen werden k\u00f6nnen.<br \/>\nUm aber die vertraute Atmosph\u00e4re in den Gruppen zu erhalten, sind wir auf die Bereitschaft zu Elterndiensten angewiesen.<\/p>\n<p>Ein Verein braucht ein Sprachrohr und das ist der Vorstand, der durch die Elternschaft berufen wird. Der Vorstand, bestehend aus drei bis vier Elternvertretern, bildet die Schnittstelle zwischen Erzieherinnen, Eltern, Beh\u00f6rden und Interessensvertretungen. Einmal im Jahr wird zus\u00e4tzlich zu den regul\u00e4ren Elternabenden eine Elternversammlung einberufen, auf der gemeinsam Entscheidungen diskutiert und getroffen werden.<\/p>\n<p>Daneben soll das private Miteinander nicht zu kurz kommen. Daher treffen wir uns regelm\u00e4\u00dfig auf freiwilliger Basis. Zu Beginn eines Kindergartenjahres fahren Eltern und Kinder zum Beispiel gemeinsam zu einem Kennenlern-Wochenende.<\/p>\n","protected":false},"excerpt":{"rendered":"<p>Die \u201cKindergruppe Blankenburger Str. e.V.\u201d ist eine Elterninitiative, ein Verein. Das bedeutet Mitverantwortung, aber auch Mitbestimmung und die M\u00f6glichkeit zur Gestaltung. Aus unserem Selbstverst\u00e4ndnis als Elternverein leitet sich die Erwartung, aber auch die Notwendigkeit einer aktiven Mitwirkung der Eltern ab. &hellip; <a href=\"http:\/\/www.kindergruppe-blankenburger.de\/?page_id=23\">Weiterlesen <span class=\"meta-nav\">&rarr;<\/span><\/a><\/p>\n","protected":false},"author":2,"featured_media":0,"parent":0,"menu_order":0,"comment_status":"closed","ping_status":"closed","template":"","meta":{"footnotes":""},"class_list":["post-23","page","type-page","status-publish","hentry"],"_links":{"self":[{"href":"http:\/\/www.kindergruppe-blankenburger.de\/index.php?rest_route=\/wp\/v2\/pages\/23","targetHints":{"allow":["GET"]}}],"collection":[{"href":"http:\/\/www.kindergruppe-blankenburger.de\/index.php?rest_route=\/wp\/v2\/pages"}],"about":[{"href":"http:\/\/www.kindergruppe-blankenburger.de\/index.php?rest_route=\/wp\/v2\/types\/page"}],"author":[{"embeddable":true,"href":"http:\/\/www.kindergruppe-blankenburger.de\/index.php?rest_route=\/wp\/v2\/users\/2"}],"replies":[{"embeddable":true,"href":"http:\/\/www.kindergruppe-blankenburger.de\/index.php?rest_route=%2Fwp%2Fv2%2Fcomments&post=23"}],"version-history":[{"count":7,"href":"http:\/\/www.kindergruppe-blankenburger.de\/index.php?rest_route=\/wp\/v2\/pages\/23\/revisions"}],"predecessor-version":[{"id":443,"href":"http:\/\/www.kindergruppe-blankenburger.de\/index.php?rest_route=\/wp\/v2\/pages\/23\/revisions\/443"}],"wp:attachment":[{"href":"http:\/\/www.kindergruppe-blankenburger.de\/index.php?rest_route=%2Fwp%2Fv2%2Fmedia&parent=23"}],"curies":[{"name":"wp","href":"https:\/\/api.w.org\/{rel}","templated":true}]}}